 of 13 and 2104349?
13
What is the highest common factor of 50 and 7080?
10
What is the highest common divisor of 33 and 75306?
33
What is the greatest common factor of 121095 and 15?
15
What is the greatest common divisor of 1149865 and 5?
5
Calculate the greatest common divisor of 6403 and 1558.
19
What is the greatest common factor of 483 and 28581?
21
Calculate the highest common factor of 17900 and 34450.
50
Calculate the highest common divisor of 346 and 353266.
346
What is the greatest common factor of 1372781 and 1945?
389
Calculate the highest common factor of 9 and 1571121.
9
Calculate the greatest common factor of 99 and 605916.
9
What is the highest common factor of 119347 and 23?
23
What is the greatest common factor of 1415645 and 154?
77
Calculate the highest common factor of 7225 and 9248.
289
Calculate the highest common divisor of 553 and 22831.
79
Calculate the highest common factor of 1124 and 7025.
281
Calculate the highest common divisor of 91 and 1667939.
91
Calculate the greatest common divisor of 6 and 249216.
6
Calculate the greatest common factor of 470 and 500.
10
Calculate the greatest common divisor of 69034 and 4.
2
Calculate the highest common factor of 87897 and 332.
83
Calculate the greatest common factor of 1548 and 559.
43
What is the greatest common divisor of 5970 and 40?
10
What is the greatest common factor of 156 and 2626?
26
Calculate the greatest common divisor of 14525 and 250.
25
What is the greatest common divisor of 1024 and 508?
4
Calculate the greatest common divisor of 523395 and 30.
15
Calculate the greatest common factor of 138 and 3795.
69
What is the highest common divisor of 1040318 and 298?
298
What is the greatest common factor of 741 and 550677?
57
What is the greatest common divisor of 2050 and 2500?
50
Calculate the highest common divisor of 420 and 1430940.
420
Calculate the greatest common factor of 642912 and 120.
24
Calculate the highest common factor of 33306 and 2912.
182
What is the highest common factor of 53725 and 100?
25
Calculate the highest common factor of 1680426 and 891.
891
Calculate the highest common divisor of 38340 and 3720.
60
What is the highest common divisor of 186 and 25141?
31
Calculate the highest common divisor of 1269447 and 627.
57
Calculate the greatest common factor of 6958 and 10682.
98
What is the greatest common divisor of 20434 and 601601?
601
Calculate the greatest common divisor of 420 and 614.
2
Calculate the greatest common divisor of 39540 and 4.
4
What is the highest common divisor of 219 and 94827?
219
Calculate the greatest common divisor of 630 and 689640.
210
Calculate the highest common factor of 975 and 2743.
13
Calculate the highest common factor of 52 and 979667.
13
Calculate the greatest common factor of 238 and 16252.
34
What is the highest common divisor of 48 and 4866?
6
Calculate the greatest common factor of 4068 and 612.
36
Calculate the greatest common divisor of 2211 and 99.
33
Calculate the highest common divisor of 72874 and 20194.
878
Calculate the greatest common factor of 1025 and 15703.
41
What is the highest common factor of 290 and 110954?
58
What is the greatest common factor of 5726 and 518?
14
Calculate the highest common factor of 3198 and 10578.
246
Calculate the highest common factor of 190742 and 10784.
674
What is the highest common divisor of 424 and 2094?
2
Calculate the greatest common divisor of 14478 and 259842.
762
What is the greatest common divisor of 689 and 159?
53
Calculate the greatest common divisor of 1000 and 37850.
50
Calculate the greatest common divisor of 11563 and 1643.
31
What is the highest common factor of 336 and 23583?
21
What is the highest common divisor of 246 and 12054?
246
What is the highest common divisor of 167 and 109051?
167
Calculate the greatest common divisor of 56 and 3682.
14
What is the greatest common divisor of 8307 and 975?
39
What is the highest common divisor of 382704 and 24?
24
Calculate the highest common divisor of 3879 and 387.
9
Calculate the highest common divisor of 98 and 1078.
98
Calculate the greatest common divisor of 1750 and 28.
14
What is the greatest common factor of 124 and 160549?
31
What is the greatest common divisor of 36608 and 40326?
286
Calculate the greatest common divisor of 2191 and 87014.
313
What is the greatest common divisor of 92 and 61295?
23
What is the highest common divisor of 194 and 222712?
194
What is the highest common divisor of 111717 and 9?
9
What is the highest common factor of 11 and 10878043?
11
What is the greatest common factor of 15207 and 41403?
111
Calculate the highest common divisor of 44484 and 3916.
44
Calculate the greatest common divisor of 295317 and 2277.
99
What is the greatest common divisor of 175 and 210?
35
Calculate the greatest common factor of 15645 and 23751.
21
Calculate the highest common factor of 32489 and 4291.
613
Calculate the highest common factor of 196316 and 272.
68
What is the greatest common divisor of 10 and 5136?
2
Calculate the greatest common factor of 518245 and 35.
35
Calculate the highest common factor of 37 and 203611.
37
What is the highest common divisor of 154 and 1736438?
22
What is the highest common divisor of 130999 and 11?
11
What is the greatest common divisor of 2644 and 1006703?
661
Calculate the greatest common factor of 64383 and 165.
33
Calculate the greatest common divisor of 1474 and 1408.
22
What is the greatest common factor of 248 and 2667984?
248
Calculate the highest common divisor of 144 and 16542.
18
What is the highest common divisor of 112966 and 98?
14
What is the greatest common factor of 9255 and 1691814?
1851
What is the greatest common divisor of 2369 and 2875?
23
What is the highest common factor of 4968 and 560?
8
Calculate the greatest common factor of 5928 and 273780.
156
What is the greatest common divisor of 94116 and 12?
12
Calculate the highest common factor of 38520 and 5340.
60
Calculate the greatest common factor of 2511 and 18.
9
Calculate the greatest common factor of 188 and 9541.
47
Calculate the highest common factor of 27876 and 276.
276
Calculate the greatest common factor of 2346 and 13317.
69
Calculate the highest common factor of 684224 and 8.
8
Calculate the highest common factor of 316 and 6478.
158
Calculate the highest common divisor of 391 and 19465.
17
Calculate the greatest common divisor of 4849999 and 77.
77
What is the greatest common divisor of 17486 and 8736?
14
What is the highest common factor of 36830 and 20?
10
What is the highest common divisor of 84 and 234619?
7
Calculate the greatest common divisor of 12501 and 3267.
27
Calculate the highest common divisor of 5599 and 22.
11
What is the highest common factor of 236 and 33217?
59
Calculate the greatest common divisor of 5015 and 1493467.
1003
Calculate the greatest common factor of 428211 and 651.
21
What is the greatest common divisor of 27 and 1914813?
27
Calculate the highest common divisor of 99 and 1961751.
33
Calculate the highest common factor of 216426 and 42.
42
What is the greatest common factor of 6228 and 198?
18
What is the greatest common divisor of 3708 and 555273?
927
Calculate the highest common factor of 873210 and 585.
195
What is the highest common factor of 31552 and 29232?
464
What is the greatest common factor of 7615 and 5?
5
What is the greatest common factor of 35 and 4180715?
35
What is the highest common divisor of 276 and 410481?
69
Calculate the greatest common divisor of 500 and 74.
2
Calculate the greatest common factor of 15 and 74406.
3
Calculate the highest common factor of 43645 and 175.
35
What is the highest common divisor of 16 and 18280?
8
What is the highest common factor of 248624 and 8856?
328
What is the highest common factor of 39051 and 3?
3
What is the highest common factor of 212940 and 175?
35
Calculate the highest common factor of 8 and 414712.
8
What is the greatest common divisor of 2723 and 51?
1
Calculate the greatest common divisor of 4133116 and 104.
52
Calculate the greatest common factor of 1070202 and 9462.
498
Calculate the highest common divisor of 532 and 17423.
133
What is the greatest common factor of 304 and 2451?
19
Calculate the highest common factor of 15141 and 8961.
309
What is the hig